{"id":20,"date":"2018-06-06T17:30:33","date_gmt":"2018-06-06T15:30:33","guid":{"rendered":"https:\/\/www.lagirelle.ch\/lagir\/?page_id=20"},"modified":"2024-01-08T11:06:52","modified_gmt":"2024-01-08T10:06:52","slug":"historique","status":"publish","type":"page","link":"https:\/\/www.lagirelle.ch\/lagir\/historique\/","title":{"rendered":"Histoire"},"content":{"rendered":"\n<p>En 1975, Nora et Olivier Thonney, habitants la commune de Perly-Certoux, passaient leurs vacances en Provence o\u00f9 ils firent la rencontre d\u2019un potier sur un march\u00e9. Ils sont fascin\u00e9s par le tournage et Olivier est \u00e9galement int\u00e9ress\u00e9 par la construction du tour et fait des croquis. Rentrant \u00e0 la maison, Olivier s\u2019attelle \u00e0 la construction de son propre tour qu\u2019il installe sur son balcon et va chercher sa terre \u00e0 la poterie de Monsieur Knecht \u00e0 Colovrex (Bellevue) o\u00f9 il fait \u00e9galement ses premi\u00e8res cuissons.<\/p>\n\n\n\n<p>Un voisin voyant Olivier tourner sur son balcon en parle au maire de la commune, Angelo Mattana qui cherchait \u00e0 cr\u00e9er des associations \u00e0 Perly-Certoux, commune qui est en pleine expansion, permettant ainsi \u00e0 la population de se rencontrer.<\/p>\n\n\n\n<p>En 1977 un premier local est mis \u00e0 disposition dans le b\u00e2timent de la mairie, sous la sc\u00e8ne de la salle communale. Joseph Deschenaux, ma\u00eetre principal de l\u2019\u00e9cole, propose \u00e0 Monique Sandoz, c\u00e9ramiste, d\u2019organiser des cours, qui ont beaucoup de succ\u00e8s d\u00e8s leur d\u00e9but.<\/p>\n\n\n\n<p>Le 8 avril 1978 est constitu\u00e9e la soci\u00e9t\u00e9 de poterie \u00abLa Girelle\u00bb et les statuts sont d\u00e9pos\u00e9s \u00e0 la mairie. Le premier comit\u00e9 se composait de Nora et Olivier Thonney ainsi que de Josiane et Marc Mahler. Anne-Marie Goetschmann s\u2019est jointe \u00e0 eux lors de la premi\u00e8re Assembl\u00e9e g\u00e9n\u00e9rale.<\/p>\n\n\n\n<p>Le v\u0153u de Monsieur Mattana s\u2019est r\u00e9alis\u00e9 et 40 ans apr\u00e8s La Girelle est toujours l\u00e0! La soci\u00e9t\u00e9 a d\u00e9velopp\u00e9 au cours des ann\u00e9es une activit\u00e9 de plus en plus pointue, explorant de nombreuses pistes artistiques, allant de la fabrication d\u2019objets utilitaires \u00e0 la cr\u00e9ation de sculptures et assemblages. Toutes sortes de techniques y sont exp\u00e9riment\u00e9es, du tournage au travail \u00ab \u00e0 la plaque \u00bb en passant par le colombin, sans oublier les diverses s\u00e9ances de cuissons Raku organis\u00e9es chaque ann\u00e9e dans un jardin priv\u00e9. (voir activit\u00e9s)<\/p>\n\n\n\n<p>Actuellement ce ne sont pas moins de trente membres qui sont actifs et se retrouvent avec plaisir pour exercer leur passion. Les plus avertis \u00e9paulent et conseillent les n\u00e9ophytes, d\u2019autres d\u00e9dient r\u00e9guli\u00e8rement de leur temps pour proposer une activit\u00e9 extra-scolaire aux enfants de l\u2019\u00e9cole primaire communale, en les initiant aux joies du malaxage de la mati\u00e8re, de la mise en \u0153uvre d\u2019une id\u00e9e, de la magie de ce temps suspendu o\u00f9 l\u2019on peut enti\u00e8rement laisser venir sa cr\u00e9ativit\u00e9, comme un instant de respiration dans le planning de la semaine.<\/p>\n\n\n\n<p>Des cours pour adultes ouvert \u00e0 tous, sont \u00e9galement organis\u00e9s chaque ann\u00e9e de janvier \u00e0 mars pour une exp\u00e9rience \u00abd\u00e9couverte\u00bb.<\/p>\n\n\n\n<p class=\"has-pale-pink-color has-text-color\"><strong>Si vous avez des questions sur notre association ou sur nos activit\u00e9s, n\u2019h\u00e9sitez pas \u00e0 nous contacter sur: info (at) lagirelle.ch<\/strong><\/p>\n","protected":false},"excerpt":{"rendered":"<p>En 1975, Nora et Olivier Thonney, habitants la commune de Perly-Certoux, passaient leurs vacances en Provence o\u00f9 ils firent la rencontre d\u2019un potier sur un march\u00e9. Ils sont fascin\u00e9s par le tournage et Olivier est \u00e9galement int\u00e9ress\u00e9 par la construction du tour et fait des&nbsp;<a class=\"read-more\" href=\"https:\/\/www.lagirelle.ch\/lagir\/historique\/\">&hellip;<\/a><\/p>\n","protected":false},"author":1,"featured_media":0,"parent":0,"menu_order":0,"comment_status":"closed","ping_status":"closed","template":"template-full.php","meta":{"footnotes":""},"_links":{"self":[{"href":"https:\/\/www.lagirelle.ch\/lagir\/wp-json\/wp\/v2\/pages\/20"}],"collection":[{"href":"https:\/\/www.lagirelle.ch\/lagir\/wp-json\/wp\/v2\/pages"}],"about":[{"href":"https:\/\/www.lagirelle.ch\/lagir\/wp-json\/wp\/v2\/types\/page"}],"author":[{"embeddable":true,"href":"https:\/\/www.lagirelle.ch\/lagir\/wp-json\/wp\/v2\/users\/1"}],"replies":[{"embeddable":true,"href":"https:\/\/www.lagirelle.ch\/lagir\/wp-json\/wp\/v2\/comments?post=20"}],"version-history":[{"count":10,"href":"https:\/\/www.lagirelle.ch\/lagir\/wp-json\/wp\/v2\/pages\/20\/revisions"}],"predecessor-version":[{"id":563,"href":"https:\/\/www.lagirelle.ch\/lagir\/wp-json\/wp\/v2\/pages\/20\/revisions\/563"}],"wp:attachment":[{"href":"https:\/\/www.lagirelle.ch\/lagir\/wp-json\/wp\/v2\/media?parent=20"}],"curies":[{"name":"wp","href":"https:\/\/api.w.org\/{rel}","templated":true}]}}

<p>En 1975, Nora et Olivier Thonney, habitants la commune de Perly-Certoux, passaient leurs vacances en Provence où ils firent la rencontre d’un potier sur un marché. Ils sont fascinés par le tournage et Olivier est également intéressé par la construction du tour et fait des croquis. Rentrant à la maison, Olivier s’attelle à la construction de son propre tour qu’il installe sur son balcon et va chercher sa terre à la poterie de Monsieur Knecht à Colovrex (Bellevue) où il fait également ses premières cuissons.</p>



<p>Un voisin voyant Olivier tourner sur son balcon en parle au maire de la commune, Angelo Mattana qui cherchait à créer des associations à Perly-Certoux, commune qui est en pleine expansion, permettant ainsi à la population de se rencontrer.</p>



<p>En 1977 un premier local est mis à disposition dans le bâtiment de la mairie, sous la scène de la salle communale. Joseph Deschenaux, maître principal de l’école, propose à Monique Sandoz, céramiste, d’organiser des cours, qui ont beaucoup de succès dès leur début.</p>



<p>Le 8 avril 1978 est constituée la société de poterie «La Girelle» et les statuts sont déposés à la mairie. Le premier comité se composait de Nora et Olivier Thonney ainsi que de Josiane et Marc Mahler. Anne-Marie Goetschmann s’est jointe à eux lors de la première Assemblée générale.</p>



<p>Le vœu de Monsieur Mattana s’est réalisé et 40 ans après La Girelle est toujours là! La société a développé au cours des années une activité de plus en plus pointue, explorant de nombreuses pistes artistiques, allant de la fabrication d’objets utilitaires à la création de sculptures et assemblages. Toutes sortes de techniques y sont expérimentées, du tournage au travail « à la plaque » en passant par le colombin, sans oublier les diverses séances de cuissons Raku organisées chaque année dans un jardin privé. (voir activités)</p>



<p>Actuellement ce ne sont pas moins de trente membres qui sont actifs et se retrouvent avec plaisir pour exercer leur passion. Les plus avertis épaulent et conseillent les néophytes, d’autres dédient régulièrement de leur temps pour proposer une activité extra-scolaire aux enfants de l’école primaire communale, en les initiant aux joies du malaxage de la matière, de la mise en œuvre d’une idée, de la magie de ce temps suspendu où l’on peut entièrement laisser venir sa créativité, comme un instant de respiration dans le planning de la semaine.</p>



<p>Des cours pour adultes ouvert à tous, sont également organisés chaque année de janvier à mars pour une expérience «découverte».</p>



<p class="has-pale-pink-color has-text-color"><strong>Si vous avez des questions sur notre association ou sur nos activités, n’hésitez pas à nous contacter sur: info (at) lagirelle.ch</strong></p>

<p>En 1975, Nora et Olivier Thonney, habitants la commune de Perly-Certoux, passaient leurs vacances en Provence où ils firent la rencontre d’un potier sur un marché. Ils sont fascinés par le tournage et Olivier est également intéressé par la construction du tour et fait des&nbsp;<a class="read-more" href="https://www.lagirelle.ch/lagir/historique/">&hellip;</a></p>
