{"id":36,"date":"2018-06-06T17:41:02","date_gmt":"2018-06-06T15:41:02","guid":{"rendered":"https:\/\/www.lagirelle.ch\/lagir\/?page_id=36"},"modified":"2018-07-11T20:45:00","modified_gmt":"2018-07-11T18:45:00","slug":"plaque","status":"publish","type":"page","link":"https:\/\/www.lagirelle.ch\/lagir\/activites\/plaque\/","title":{"rendered":"cours de plaque"},"content":{"rendered":"<div>\n<p>Le \u201ccours de plaque\u201d a lieu une fois par ann\u00e9e \u00e0 La Girelle, en g\u00e9n\u00e9ral de janvier \u00e0 mars, soit 12 cours de 2h30 les mercredis \u00e0 19h. Les cinq \u00e0 sept participant-e-s apprennent les diff\u00e9rentes techniques pour cr\u00e9er des objets avec la terre telles que:<\/p>\n<p>\u2013 fa\u00e7onnage \u00e0 la plaque<br \/>\n\u2013 colombins<br \/>\n\u2013 moulage en creux et en bosse par estampage<br \/>\n\u2013 assemblage de plusieurs pi\u00e8ces<br \/>\n\u2013 modelage<br \/>\n\u2013 sculpture<\/p>\n<p>Ainsi que les diff\u00e9rents techniques de d\u00e9coration et finition (engobe, \u00e9mail, d\u00e9cor en relief, etc)<\/p>\n<\/div>\n<p>A la fin des cours nous organisons une petite f\u00eate pour la remise des pi\u00e8ces.<\/p>\n<div>\n<p>Les cours sont annonc\u00e9s dans le journal \u00able Canard de l\u2019Aire\u00bb en d\u00e9cembre et les inscriptions ont lieu la premi\u00e8re semaine de janvier. Les cours commencent la deuxi\u00e8me semaine de janvier (si la demande de cours se fait par reconduction du cours pr\u00e9c\u00e9dent il n\u2019y a pas d&rsquo;article dans le journal).<\/p>\n<\/div>\n<div><\/div>\n<div><img decoding=\"async\" loading=\"lazy\" class=\"alignnone size-large wp-image-125\" src=\"https:\/\/www.lagirelle.ch\/lagir\/wp-content\/uploads\/2018\/07\/20170503_173915-1024x576.jpg\" alt=\"\" width=\"1024\" height=\"576\" srcset=\"https:\/\/www.lagirelle.ch\/lagir\/wp-content\/uploads\/2018\/07\/20170503_173915-1024x576.jpg 1024w, https:\/\/www.lagirelle.ch\/lagir\/wp-content\/uploads\/2018\/07\/20170503_173915-300x169.jpg 300w, https:\/\/www.lagirelle.ch\/lagir\/wp-content\/uploads\/2018\/07\/20170503_173915-768x432.jpg 768w\" sizes=\"(max-width: 1024px) 100vw, 1024px\" \/> <img decoding=\"async\" loading=\"lazy\" class=\"alignnone size-large wp-image-124\" src=\"https:\/\/www.lagirelle.ch\/lagir\/wp-content\/uploads\/2018\/07\/P1000221-Copie-2-1024x768.jpg\" alt=\"\" width=\"1024\" height=\"768\" srcset=\"https:\/\/www.lagirelle.ch\/lagir\/wp-content\/uploads\/2018\/07\/P1000221-Copie-2-1024x768.jpg 1024w, https:\/\/www.lagirelle.ch\/lagir\/wp-content\/uploads\/2018\/07\/P1000221-Copie-2-300x225.jpg 300w, https:\/\/www.lagirelle.ch\/lagir\/wp-content\/uploads\/2018\/07\/P1000221-Copie-2-768x576.jpg 768w\" sizes=\"(max-width: 1024px) 100vw, 1024px\" \/> <img decoding=\"async\" loading=\"lazy\" class=\"alignnone size-large wp-image-123\" src=\"https:\/\/www.lagirelle.ch\/lagir\/wp-content\/uploads\/2018\/07\/P1000226-Copie-2-1024x768.jpg\" alt=\"\" width=\"1024\" height=\"768\" srcset=\"https:\/\/www.lagirelle.ch\/lagir\/wp-content\/uploads\/2018\/07\/P1000226-Copie-2-1024x768.jpg 1024w, https:\/\/www.lagirelle.ch\/lagir\/wp-content\/uploads\/2018\/07\/P1000226-Copie-2-300x225.jpg 300w, https:\/\/www.lagirelle.ch\/lagir\/wp-content\/uploads\/2018\/07\/P1000226-Copie-2-768x576.jpg 768w\" sizes=\"(max-width: 1024px) 100vw, 1024px\" \/> <img decoding=\"async\" loading=\"lazy\" class=\"alignnone size-large wp-image-122\" src=\"https:\/\/www.lagirelle.ch\/lagir\/wp-content\/uploads\/2018\/07\/P1000229-768x1024.jpg\" alt=\"\" width=\"768\" height=\"1024\" srcset=\"https:\/\/www.lagirelle.ch\/lagir\/wp-content\/uploads\/2018\/07\/P1000229-768x1024.jpg 768w, https:\/\/www.lagirelle.ch\/lagir\/wp-content\/uploads\/2018\/07\/P1000229-225x300.jpg 225w\" sizes=\"(max-width: 768px) 100vw, 768px\" \/> <img decoding=\"async\" loading=\"lazy\" class=\"alignnone size-large wp-image-121\" src=\"https:\/\/www.lagirelle.ch\/lagir\/wp-content\/uploads\/2018\/07\/P1000231-1024x768.jpg\" alt=\"\" width=\"1024\" height=\"768\" srcset=\"https:\/\/www.lagirelle.ch\/lagir\/wp-content\/uploads\/2018\/07\/P1000231-1024x768.jpg 1024w, https:\/\/www.lagirelle.ch\/lagir\/wp-content\/uploads\/2018\/07\/P1000231-300x225.jpg 300w, https:\/\/www.lagirelle.ch\/lagir\/wp-content\/uploads\/2018\/07\/P1000231-768x576.jpg 768w\" sizes=\"(max-width: 1024px) 100vw, 1024px\" \/> <img decoding=\"async\" loading=\"lazy\" class=\"alignnone size-large wp-image-120\" src=\"https:\/\/www.lagirelle.ch\/lagir\/wp-content\/uploads\/2018\/07\/P1000234-Copie-1024x768.jpg\" alt=\"\" width=\"1024\" height=\"768\" srcset=\"https:\/\/www.lagirelle.ch\/lagir\/wp-content\/uploads\/2018\/07\/P1000234-Copie-1024x768.jpg 1024w, https:\/\/www.lagirelle.ch\/lagir\/wp-content\/uploads\/2018\/07\/P1000234-Copie-300x225.jpg 300w, https:\/\/www.lagirelle.ch\/lagir\/wp-content\/uploads\/2018\/07\/P1000234-Copie-768x576.jpg 768w\" sizes=\"(max-width: 1024px) 100vw, 1024px\" \/> <img decoding=\"async\" loading=\"lazy\" class=\"alignnone wp-image-119 size-large\" src=\"https:\/\/www.lagirelle.ch\/lagir\/wp-content\/uploads\/2018\/07\/P1000276-e1531334694253-768x1024.jpg\" alt=\"\" width=\"768\" height=\"1024\" srcset=\"https:\/\/www.lagirelle.ch\/lagir\/wp-content\/uploads\/2018\/07\/P1000276-e1531334694253-768x1024.jpg 768w, https:\/\/www.lagirelle.ch\/lagir\/wp-content\/uploads\/2018\/07\/P1000276-e1531334694253-225x300.jpg 225w\" sizes=\"(max-width: 768px) 100vw, 768px\" \/> <img decoding=\"async\" loading=\"lazy\" class=\"alignnone size-large wp-image-118\" src=\"https:\/\/www.lagirelle.ch\/lagir\/wp-content\/uploads\/2018\/07\/P1000553-1024x768.jpg\" alt=\"\" width=\"1024\" height=\"768\" srcset=\"https:\/\/www.lagirelle.ch\/lagir\/wp-content\/uploads\/2018\/07\/P1000553-1024x768.jpg 1024w, https:\/\/www.lagirelle.ch\/lagir\/wp-content\/uploads\/2018\/07\/P1000553-300x225.jpg 300w, https:\/\/www.lagirelle.ch\/lagir\/wp-content\/uploads\/2018\/07\/P1000553-768x576.jpg 768w\" sizes=\"(max-width: 1024px) 100vw, 1024px\" \/> <img decoding=\"async\" loading=\"lazy\" class=\"alignnone size-large wp-image-117\" src=\"https:\/\/www.lagirelle.ch\/lagir\/wp-content\/uploads\/2018\/07\/P1000547-1024x768.jpg\" alt=\"\" width=\"1024\" height=\"768\" srcset=\"https:\/\/www.lagirelle.ch\/lagir\/wp-content\/uploads\/2018\/07\/P1000547-1024x768.jpg 1024w, https:\/\/www.lagirelle.ch\/lagir\/wp-content\/uploads\/2018\/07\/P1000547-300x225.jpg 300w, https:\/\/www.lagirelle.ch\/lagir\/wp-content\/uploads\/2018\/07\/P1000547-768x576.jpg 768w\" sizes=\"(max-width: 1024px) 100vw, 1024px\" \/><\/div>\n","protected":false},"excerpt":{"rendered":"<p>Le \u201ccours de plaque\u201d a lieu une fois par ann\u00e9e \u00e0 La Girelle, en g\u00e9n\u00e9ral de janvier \u00e0 mars, soit 12 cours de 2h30 les mercredis \u00e0 19h. Les cinq \u00e0 sept participant-e-s apprennent les diff\u00e9rentes techniques pour cr\u00e9er des objets avec la terre telles&nbsp;<a class=\"read-more\" href=\"https:\/\/www.lagirelle.ch\/lagir\/activites\/plaque\/\">&hellip;<\/a><\/p>\n","protected":false},"author":1,"featured_media":0,"parent":7,"menu_order":0,"comment_status":"closed","ping_status":"closed","template":"template-full.php","meta":{"footnotes":""},"_links":{"self":[{"href":"https:\/\/www.lagirelle.ch\/lagir\/wp-json\/wp\/v2\/pages\/36"}],"collection":[{"href":"https:\/\/www.lagirelle.ch\/lagir\/wp-json\/wp\/v2\/pages"}],"about":[{"href":"https:\/\/www.lagirelle.ch\/lagir\/wp-json\/wp\/v2\/types\/page"}],"author":[{"embeddable":true,"href":"https:\/\/www.lagirelle.ch\/lagir\/wp-json\/wp\/v2\/users\/1"}],"replies":[{"embeddable":true,"href":"https:\/\/www.lagirelle.ch\/lagir\/wp-json\/wp\/v2\/comments?post=36"}],"version-history":[{"count":8,"href":"https:\/\/www.lagirelle.ch\/lagir\/wp-json\/wp\/v2\/pages\/36\/revisions"}],"predecessor-version":[{"id":167,"href":"https:\/\/www.lagirelle.ch\/lagir\/wp-json\/wp\/v2\/pages\/36\/revisions\/167"}],"up":[{"embeddable":true,"href":"https:\/\/www.lagirelle.ch\/lagir\/wp-json\/wp\/v2\/pages\/7"}],"wp:attachment":[{"href":"https:\/\/www.lagirelle.ch\/lagir\/wp-json\/wp\/v2\/media?parent=36"}],"curies":[{"name":"wp","href":"https:\/\/api.w.org\/{rel}","templated":true}]}}

<div>
<p>Le “cours de plaque” a lieu une fois par année à La Girelle, en général de janvier à mars, soit 12 cours de 2h30 les mercredis à 19h. Les cinq à sept participant-e-s apprennent les différentes techniques pour créer des objets avec la terre telles que:</p>
<p>– façonnage à la plaque<br />
– colombins<br />
– moulage en creux et en bosse par estampage<br />
– assemblage de plusieurs pièces<br />
– modelage<br />
– sculpture</p>
<p>Ainsi que les différents techniques de décoration et finition (engobe, émail, décor en relief, etc)</p>
</div>
<p>A la fin des cours nous organisons une petite fête pour la remise des pièces.</p>
<div>
<p>Les cours sont annoncés dans le journal «le Canard de l’Aire» en décembre et les inscriptions ont lieu la première semaine de janvier. Les cours commencent la deuxième semaine de janvier (si la demande de cours se fait par reconduction du cours précédent il n’y a pas d&rsquo;article dans le journal).</p>
</div>
<div></div>
<div><img decoding="async" loading="lazy" class="alignnone size-large wp-image-125" src="https://www.lagirelle.ch/lagir/wp-content/uploads/2018/07/20170503_173915-1024x576.jpg" alt="" width="1024" height="576" srcset="https://www.lagirelle.ch/lagir/wp-content/uploads/2018/07/20170503_173915-1024x576.jpg 1024w, https://www.lagirelle.ch/lagir/wp-content/uploads/2018/07/20170503_173915-300x169.jpg 300w, https://www.lagirelle.ch/lagir/wp-content/uploads/2018/07/20170503_173915-768x432.jpg 768w" sizes="(max-width: 1024px) 100vw, 1024px" /> <img decoding="async" loading="lazy" class="alignnone size-large wp-image-124" src="https://www.lagirelle.ch/lagir/wp-content/uploads/2018/07/P1000221-Copie-2-1024x768.jpg" alt="" width="1024" height="768" srcset="https://www.lagirelle.ch/lagir/wp-content/uploads/2018/07/P1000221-Copie-2-1024x768.jpg 1024w, https://www.lagirelle.ch/lagir/wp-content/uploads/2018/07/P1000221-Copie-2-300x225.jpg 300w, https://www.lagirelle.ch/lagir/wp-content/uploads/2018/07/P1000221-Copie-2-768x576.jpg 768w" sizes="(max-width: 1024px) 100vw, 1024px" /> <img decoding="async" loading="lazy" class="alignnone size-large wp-image-123" src="https://www.lagirelle.ch/lagir/wp-content/uploads/2018/07/P1000226-Copie-2-1024x768.jpg" alt="" width="1024" height="768" srcset="https://www.lagirelle.ch/lagir/wp-content/uploads/2018/07/P1000226-Copie-2-1024x768.jpg 1024w, https://www.lagirelle.ch/lagir/wp-content/uploads/2018/07/P1000226-Copie-2-300x225.jpg 300w, https://www.lagirelle.ch/lagir/wp-content/uploads/2018/07/P1000226-Copie-2-768x576.jpg 768w" sizes="(max-width: 1024px) 100vw, 1024px" /> <img decoding="async" loading="lazy" class="alignnone size-large wp-image-122" src="https://www.lagirelle.ch/lagir/wp-content/uploads/2018/07/P1000229-768x1024.jpg" alt="" width="768" height="1024" srcset="https://www.lagirelle.ch/lagir/wp-content/uploads/2018/07/P1000229-768x1024.jpg 768w, https://www.lagirelle.ch/lagir/wp-content/uploads/2018/07/P1000229-225x300.jpg 225w" sizes="(max-width: 768px) 100vw, 768px" /> <img decoding="async" loading="lazy" class="alignnone size-large wp-image-121" src="https://www.lagirelle.ch/lagir/wp-content/uploads/2018/07/P1000231-1024x768.jpg" alt="" width="1024" height="768" srcset="https://www.lagirelle.ch/lagir/wp-content/uploads/2018/07/P1000231-1024x768.jpg 1024w, https://www.lagirelle.ch/lagir/wp-content/uploads/2018/07/P1000231-300x225.jpg 300w, https://www.lagirelle.ch/lagir/wp-content/uploads/2018/07/P1000231-768x576.jpg 768w" sizes="(max-width: 1024px) 100vw, 1024px" /> <img decoding="async" loading="lazy" class="alignnone size-large wp-image-120" src="https://www.lagirelle.ch/lagir/wp-content/uploads/2018/07/P1000234-Copie-1024x768.jpg" alt="" width="1024" height="768" srcset="https://www.lagirelle.ch/lagir/wp-content/uploads/2018/07/P1000234-Copie-1024x768.jpg 1024w, https://www.lagirelle.ch/lagir/wp-content/uploads/2018/07/P1000234-Copie-300x225.jpg 300w, https://www.lagirelle.ch/lagir/wp-content/uploads/2018/07/P1000234-Copie-768x576.jpg 768w" sizes="(max-width: 1024px) 100vw, 1024px" /> <img decoding="async" loading="lazy" class="alignnone wp-image-119 size-large" src="https://www.lagirelle.ch/lagir/wp-content/uploads/2018/07/P1000276-e1531334694253-768x1024.jpg" alt="" width="768" height="1024" srcset="https://www.lagirelle.ch/lagir/wp-content/uploads/2018/07/P1000276-e1531334694253-768x1024.jpg 768w, https://www.lagirelle.ch/lagir/wp-content/uploads/2018/07/P1000276-e1531334694253-225x300.jpg 225w" sizes="(max-width: 768px) 100vw, 768px" /> <img decoding="async" loading="lazy" class="alignnone size-large wp-image-118" src="https://www.lagirelle.ch/lagir/wp-content/uploads/2018/07/P1000553-1024x768.jpg" alt="" width="1024" height="768" srcset="https://www.lagirelle.ch/lagir/wp-content/uploads/2018/07/P1000553-1024x768.jpg 1024w, https://www.lagirelle.ch/lagir/wp-content/uploads/2018/07/P1000553-300x225.jpg 300w, https://www.lagirelle.ch/lagir/wp-content/uploads/2018/07/P1000553-768x576.jpg 768w" sizes="(max-width: 1024px) 100vw, 1024px" /> <img decoding="async" loading="lazy" class="alignnone size-large wp-image-117" src="https://www.lagirelle.ch/lagir/wp-content/uploads/2018/07/P1000547-1024x768.jpg" alt="" width="1024" height="768" srcset="https://www.lagirelle.ch/lagir/wp-content/uploads/2018/07/P1000547-1024x768.jpg 1024w, https://www.lagirelle.ch/lagir/wp-content/uploads/2018/07/P1000547-300x225.jpg 300w, https://www.lagirelle.ch/lagir/wp-content/uploads/2018/07/P1000547-768x576.jpg 768w" sizes="(max-width: 1024px) 100vw, 1024px" /></div>

<p>Le “cours de plaque” a lieu une fois par année à La Girelle, en général de janvier à mars, soit 12 cours de 2h30 les mercredis à 19h. Les cinq à sept participant-e-s apprennent les différentes techniques pour créer des objets avec la terre telles&nbsp;<a class="read-more" href="https://www.lagirelle.ch/lagir/activites/plaque/">&hellip;</a></p>
