{"id":42,"date":"2018-06-06T17:42:50","date_gmt":"2018-06-06T15:42:50","guid":{"rendered":"https:\/\/www.lagirelle.ch\/lagir\/?page_id=42"},"modified":"2018-07-16T18:10:33","modified_gmt":"2018-07-16T16:10:33","slug":"raku","status":"publish","type":"page","link":"https:\/\/www.lagirelle.ch\/lagir\/activites\/raku\/","title":{"rendered":"raku"},"content":{"rendered":"<p>Depuis quelques ann\u00e9es notre soci\u00e9t\u00e9 de poterie pratique les cuissons Raku dans le jardin d&rsquo;une membre de la Girelle.<\/p>\n<p>Le raku est une technique de cuisson de poterie par enfumage qui vient d&rsquo;Asie (Cor\u00e9e et Japon).<\/p>\n<p>Les pi\u00e8ces sont pr\u00e9par\u00e9es \u00e0 l&rsquo;atelier et biscuit\u00e9es dans un four traditionnel.<br \/>\nNous \u00e9maillons avec un \u00e9mail transparent ou teint\u00e9 au moyen d\u2019oxydes ou de colorants. Ensuite les pi\u00e8ces sont cuites dans un four sp\u00e9cial.<br \/>\nUne fois l\u2019\u00e9mail parvenu \u00e0 la temp\u00e9rature d\u00e9sir\u00e9e, on ouvre le four et \u00e0 l\u2019aide grandes pinces m\u00e9talliques, on extrait une \u00e0 une les poteries que l\u2019on met en contact avec de la sciure et du papier dans un r\u00e9cipient (poubelle) que l\u2019on ferme pour obtenir l\u2019enfumage.<\/p>\n<p>Le raku nu est \u00e9galement une technique que nous utilisons: avant l\u2019\u00e9maillage, nous posons sur les pi\u00e8ces un engobe sp\u00e9cial qui gonfle \u00e0 la cuisson et fait \u00e9clater l\u2019\u00e9mail, qui tombe lors du trempage dans l&rsquo;eau froide. Les pi\u00e8ces gardent ainsi uniquement les traces de carbonisation.<\/p>\n<div>\n<div>\n<div>\n<div>\n<p>Derni\u00e8rement nous avons essay\u00e9 une nouvelle technique avec un engobe (terre sigill\u00e9e), nous d\u00e9corons les pi\u00e8ces sortant du four avec des crins de chevaux, des plumes, des v\u00e9g\u00e9taux, etc. Celles-ci ne sont pas enfum\u00e9es.<\/p>\n<\/div>\n<\/div>\n<\/div>\n<\/div>\n<p><img decoding=\"async\" loading=\"lazy\" class=\"size-large wp-image-150\" src=\"https:\/\/www.lagirelle.ch\/lagir\/wp-content\/uploads\/2018\/07\/12-1024x768.jpg\" alt=\"\" width=\"1024\" height=\"768\" srcset=\"https:\/\/www.lagirelle.ch\/lagir\/wp-content\/uploads\/2018\/07\/12-1024x768.jpg 1024w, https:\/\/www.lagirelle.ch\/lagir\/wp-content\/uploads\/2018\/07\/12-300x225.jpg 300w, https:\/\/www.lagirelle.ch\/lagir\/wp-content\/uploads\/2018\/07\/12-768x576.jpg 768w, https:\/\/www.lagirelle.ch\/lagir\/wp-content\/uploads\/2018\/07\/12.jpg 1280w\" sizes=\"(max-width: 1024px) 100vw, 1024px\" \/><\/p>\n<p><img decoding=\"async\" loading=\"lazy\" class=\"size-full wp-image-151\" src=\"https:\/\/www.lagirelle.ch\/lagir\/wp-content\/uploads\/2018\/07\/13.jpg\" alt=\"\" width=\"716\" height=\"954\" srcset=\"https:\/\/www.lagirelle.ch\/lagir\/wp-content\/uploads\/2018\/07\/13.jpg 716w, https:\/\/www.lagirelle.ch\/lagir\/wp-content\/uploads\/2018\/07\/13-225x300.jpg 225w\" sizes=\"(max-width: 716px) 100vw, 716px\" \/><\/p>\n<p><img decoding=\"async\" loading=\"lazy\" class=\"size-full wp-image-152\" src=\"https:\/\/www.lagirelle.ch\/lagir\/wp-content\/uploads\/2018\/07\/17.jpg\" alt=\"\" width=\"987\" height=\"960\" srcset=\"https:\/\/www.lagirelle.ch\/lagir\/wp-content\/uploads\/2018\/07\/17.jpg 987w, https:\/\/www.lagirelle.ch\/lagir\/wp-content\/uploads\/2018\/07\/17-300x292.jpg 300w, https:\/\/www.lagirelle.ch\/lagir\/wp-content\/uploads\/2018\/07\/17-768x747.jpg 768w\" sizes=\"(max-width: 987px) 100vw, 987px\" \/><\/p>\n<p><img decoding=\"async\" loading=\"lazy\" class=\"size-large wp-image-153\" src=\"https:\/\/www.lagirelle.ch\/lagir\/wp-content\/uploads\/2018\/07\/16-1024x768.jpg\" alt=\"\" width=\"1024\" height=\"768\" srcset=\"https:\/\/www.lagirelle.ch\/lagir\/wp-content\/uploads\/2018\/07\/16-1024x768.jpg 1024w, https:\/\/www.lagirelle.ch\/lagir\/wp-content\/uploads\/2018\/07\/16-300x225.jpg 300w, https:\/\/www.lagirelle.ch\/lagir\/wp-content\/uploads\/2018\/07\/16-768x576.jpg 768w, https:\/\/www.lagirelle.ch\/lagir\/wp-content\/uploads\/2018\/07\/16.jpg 1280w\" sizes=\"(max-width: 1024px) 100vw, 1024px\" \/><\/p>\n<p><img decoding=\"async\" loading=\"lazy\" class=\"alignnone size-full wp-image-160\" src=\"https:\/\/www.lagirelle.ch\/lagir\/wp-content\/uploads\/2018\/07\/IMG_6785.jpg\" alt=\"\" width=\"483\" height=\"768\" srcset=\"https:\/\/www.lagirelle.ch\/lagir\/wp-content\/uploads\/2018\/07\/IMG_6785.jpg 483w, https:\/\/www.lagirelle.ch\/lagir\/wp-content\/uploads\/2018\/07\/IMG_6785-189x300.jpg 189w\" sizes=\"(max-width: 483px) 100vw, 483px\" \/> <img decoding=\"async\" loading=\"lazy\" class=\"alignnone size-large wp-image-159\" src=\"https:\/\/www.lagirelle.ch\/lagir\/wp-content\/uploads\/2018\/07\/IMG_6789-1024x768.jpg\" alt=\"\" width=\"1024\" height=\"768\" srcset=\"https:\/\/www.lagirelle.ch\/lagir\/wp-content\/uploads\/2018\/07\/IMG_6789.jpg 1024w, https:\/\/www.lagirelle.ch\/lagir\/wp-content\/uploads\/2018\/07\/IMG_6789-300x225.jpg 300w, https:\/\/www.lagirelle.ch\/lagir\/wp-content\/uploads\/2018\/07\/IMG_6789-768x576.jpg 768w\" sizes=\"(max-width: 1024px) 100vw, 1024px\" \/> <img decoding=\"async\" loading=\"lazy\" class=\"alignnone size-large wp-image-158\" src=\"https:\/\/www.lagirelle.ch\/lagir\/wp-content\/uploads\/2018\/07\/P1030297-1024x768.jpg\" alt=\"\" width=\"1024\" height=\"768\" srcset=\"https:\/\/www.lagirelle.ch\/lagir\/wp-content\/uploads\/2018\/07\/P1030297-1024x768.jpg 1024w, https:\/\/www.lagirelle.ch\/lagir\/wp-content\/uploads\/2018\/07\/P1030297-300x225.jpg 300w, https:\/\/www.lagirelle.ch\/lagir\/wp-content\/uploads\/2018\/07\/P1030297-768x576.jpg 768w\" sizes=\"(max-width: 1024px) 100vw, 1024px\" \/><\/p>\n<p><img decoding=\"async\" loading=\"lazy\" class=\"alignnone size-large wp-image-154\" src=\"https:\/\/www.lagirelle.ch\/lagir\/wp-content\/uploads\/2018\/07\/20141008_152318-1024x576.jpg\" alt=\"\" width=\"1024\" height=\"576\" srcset=\"https:\/\/www.lagirelle.ch\/lagir\/wp-content\/uploads\/2018\/07\/20141008_152318-1024x576.jpg 1024w, https:\/\/www.lagirelle.ch\/lagir\/wp-content\/uploads\/2018\/07\/20141008_152318-300x169.jpg 300w, https:\/\/www.lagirelle.ch\/lagir\/wp-content\/uploads\/2018\/07\/20141008_152318-768x432.jpg 768w\" sizes=\"(max-width: 1024px) 100vw, 1024px\" \/> <img decoding=\"async\" loading=\"lazy\" class=\"alignnone size-large wp-image-156\" src=\"https:\/\/www.lagirelle.ch\/lagir\/wp-content\/uploads\/2018\/07\/IMG_0637-768x1024.jpg\" alt=\"\" width=\"768\" height=\"1024\" srcset=\"https:\/\/www.lagirelle.ch\/lagir\/wp-content\/uploads\/2018\/07\/IMG_0637-768x1024.jpg 768w, https:\/\/www.lagirelle.ch\/lagir\/wp-content\/uploads\/2018\/07\/IMG_0637-225x300.jpg 225w\" sizes=\"(max-width: 768px) 100vw, 768px\" \/> <img decoding=\"async\" loading=\"lazy\" class=\"alignnone size-large wp-image-155\" src=\"https:\/\/www.lagirelle.ch\/lagir\/wp-content\/uploads\/2018\/07\/20171027_162552-1024x768.jpg\" alt=\"\" width=\"1024\" height=\"768\" srcset=\"https:\/\/www.lagirelle.ch\/lagir\/wp-content\/uploads\/2018\/07\/20171027_162552-1024x768.jpg 1024w, https:\/\/www.lagirelle.ch\/lagir\/wp-content\/uploads\/2018\/07\/20171027_162552-300x225.jpg 300w, https:\/\/www.lagirelle.ch\/lagir\/wp-content\/uploads\/2018\/07\/20171027_162552-768x576.jpg 768w\" sizes=\"(max-width: 1024px) 100vw, 1024px\" \/> <img decoding=\"async\" loading=\"lazy\" class=\"alignnone size-full wp-image-157\" src=\"https:\/\/www.lagirelle.ch\/lagir\/wp-content\/uploads\/2018\/07\/20.jpg\" alt=\"\" width=\"576\" height=\"768\" srcset=\"https:\/\/www.lagirelle.ch\/lagir\/wp-content\/uploads\/2018\/07\/20.jpg 576w, https:\/\/www.lagirelle.ch\/lagir\/wp-content\/uploads\/2018\/07\/20-225x300.jpg 225w\" sizes=\"(max-width: 576px) 100vw, 576px\" \/> <img decoding=\"async\" loading=\"lazy\" class=\"alignnone size-large wp-image-163\" src=\"https:\/\/www.lagirelle.ch\/lagir\/wp-content\/uploads\/2018\/07\/IMG_0288a-1024x768.jpg\" alt=\"\" width=\"1024\" height=\"768\" srcset=\"https:\/\/www.lagirelle.ch\/lagir\/wp-content\/uploads\/2018\/07\/IMG_0288a-1024x768.jpg 1024w, https:\/\/www.lagirelle.ch\/lagir\/wp-content\/uploads\/2018\/07\/IMG_0288a-300x225.jpg 300w, https:\/\/www.lagirelle.ch\/lagir\/wp-content\/uploads\/2018\/07\/IMG_0288a-768x576.jpg 768w\" sizes=\"(max-width: 1024px) 100vw, 1024px\" \/> <img decoding=\"async\" loading=\"lazy\" class=\"alignnone size-large wp-image-162\" src=\"https:\/\/www.lagirelle.ch\/lagir\/wp-content\/uploads\/2018\/07\/IMG_0123-1024x768.jpg\" alt=\"\" width=\"1024\" height=\"768\" srcset=\"https:\/\/www.lagirelle.ch\/lagir\/wp-content\/uploads\/2018\/07\/IMG_0123-1024x768.jpg 1024w, https:\/\/www.lagirelle.ch\/lagir\/wp-content\/uploads\/2018\/07\/IMG_0123-300x225.jpg 300w, https:\/\/www.lagirelle.ch\/lagir\/wp-content\/uploads\/2018\/07\/IMG_0123-768x576.jpg 768w\" sizes=\"(max-width: 1024px) 100vw, 1024px\" \/> <img decoding=\"async\" loading=\"lazy\" class=\"alignnone wp-image-175 size-large\" src=\"https:\/\/www.lagirelle.ch\/lagir\/wp-content\/uploads\/2018\/07\/20170322_152004-e1531756699164-1024x576.jpg\" alt=\"\" width=\"1024\" height=\"576\" srcset=\"https:\/\/www.lagirelle.ch\/lagir\/wp-content\/uploads\/2018\/07\/20170322_152004-e1531756699164-1024x576.jpg 1024w, https:\/\/www.lagirelle.ch\/lagir\/wp-content\/uploads\/2018\/07\/20170322_152004-e1531756699164-300x169.jpg 300w, https:\/\/www.lagirelle.ch\/lagir\/wp-content\/uploads\/2018\/07\/20170322_152004-e1531756699164-768x432.jpg 768w\" sizes=\"(max-width: 1024px) 100vw, 1024px\" \/><\/p>\n","protected":false},"excerpt":{"rendered":"<p>Depuis quelques ann\u00e9es notre soci\u00e9t\u00e9 de poterie pratique les cuissons Raku dans le jardin d&rsquo;une membre de la Girelle. Le raku est une technique de cuisson de poterie par enfumage qui vient d&rsquo;Asie (Cor\u00e9e et Japon). Les pi\u00e8ces sont pr\u00e9par\u00e9es \u00e0 l&rsquo;atelier et biscuit\u00e9es dans&nbsp;<a class=\"read-more\" href=\"https:\/\/www.lagirelle.ch\/lagir\/activites\/raku\/\">&hellip;<\/a><\/p>\n","protected":false},"author":1,"featured_media":0,"parent":7,"menu_order":0,"comment_status":"closed","ping_status":"closed","template":"template-full.php","meta":{"footnotes":""},"_links":{"self":[{"href":"https:\/\/www.lagirelle.ch\/lagir\/wp-json\/wp\/v2\/pages\/42"}],"collection":[{"href":"https:\/\/www.lagirelle.ch\/lagir\/wp-json\/wp\/v2\/pages"}],"about":[{"href":"https:\/\/www.lagirelle.ch\/lagir\/wp-json\/wp\/v2\/types\/page"}],"author":[{"embeddable":true,"href":"https:\/\/www.lagirelle.ch\/lagir\/wp-json\/wp\/v2\/users\/1"}],"replies":[{"embeddable":true,"href":"https:\/\/www.lagirelle.ch\/lagir\/wp-json\/wp\/v2\/comments?post=42"}],"version-history":[{"count":11,"href":"https:\/\/www.lagirelle.ch\/lagir\/wp-json\/wp\/v2\/pages\/42\/revisions"}],"predecessor-version":[{"id":177,"href":"https:\/\/www.lagirelle.ch\/lagir\/wp-json\/wp\/v2\/pages\/42\/revisions\/177"}],"up":[{"embeddable":true,"href":"https:\/\/www.lagirelle.ch\/lagir\/wp-json\/wp\/v2\/pages\/7"}],"wp:attachment":[{"href":"https:\/\/www.lagirelle.ch\/lagir\/wp-json\/wp\/v2\/media?parent=42"}],"curies":[{"name":"wp","href":"https:\/\/api.w.org\/{rel}","templated":true}]}}