{"id":5,"date":"2018-06-06T17:26:02","date_gmt":"2018-06-06T15:26:02","guid":{"rendered":"https:\/\/www.lagirelle.ch\/lagir\/?page_id=5"},"modified":"2018-06-18T21:21:46","modified_gmt":"2018-06-18T19:21:46","slug":"tournage","status":"publish","type":"page","link":"https:\/\/www.lagirelle.ch\/lagir\/activites\/tournage\/","title":{"rendered":"cours de tournage"},"content":{"rendered":"<p>Un cours de tournage a lieu une fois par ann\u00e9e \u00e0 La Girelle, en g\u00e9n\u00e9ral de janvier \u00e0 mars, soit 12 cours de 2h30 les mardis \u00e0 19h.<br \/>\nCinq participant-e-s apprennent les techniques pour cr\u00e9er des pi\u00e8ces au tour du d\u00e9but \u00e0 la fin.<\/p>\n<p>Cet enseignement comprend:<br \/>\n\u2013 apprendre \u00e0 battre la terre<br \/>\n\u2013 tourner des cylindres<br \/>\n\u2013 la technique de collage pour les anses (tasses, th\u00e9i\u00e8res, etc\u2026)<br \/>\n\u2013 fixer un rondeau sur le tour pour tourner une assiette, par exemple<br \/>\n\u2013 le tournassage<br \/>\n\u2013 l\u2019\u00e9maillage par trempage et au pistolet<\/p>\n<p>Voici des exemples des pi\u00e8ces r\u00e9alis\u00e9es par les \u00e9l\u00e8ves des cours 2018:<\/p>\n<p><img decoding=\"async\" loading=\"lazy\" class=\"alignnone size-large wp-image-109\" src=\"https:\/\/www.lagirelle.ch\/lagir\/wp-content\/uploads\/2018\/06\/PHOTO-2018-06-18-09-55-56-1024x768.jpg\" alt=\"\" width=\"1024\" height=\"768\" srcset=\"https:\/\/www.lagirelle.ch\/lagir\/wp-content\/uploads\/2018\/06\/PHOTO-2018-06-18-09-55-56.jpg 1024w, https:\/\/www.lagirelle.ch\/lagir\/wp-content\/uploads\/2018\/06\/PHOTO-2018-06-18-09-55-56-300x225.jpg 300w, https:\/\/www.lagirelle.ch\/lagir\/wp-content\/uploads\/2018\/06\/PHOTO-2018-06-18-09-55-56-768x576.jpg 768w\" sizes=\"(max-width: 1024px) 100vw, 1024px\" \/><img decoding=\"async\" loading=\"lazy\" class=\"alignnone size-large wp-image-108\" src=\"https:\/\/www.lagirelle.ch\/lagir\/wp-content\/uploads\/2018\/06\/PHOTO-2018-06-18-09-55-29-1024x768.jpg\" alt=\"\" width=\"1024\" height=\"768\" srcset=\"https:\/\/www.lagirelle.ch\/lagir\/wp-content\/uploads\/2018\/06\/PHOTO-2018-06-18-09-55-29.jpg 1024w, https:\/\/www.lagirelle.ch\/lagir\/wp-content\/uploads\/2018\/06\/PHOTO-2018-06-18-09-55-29-300x225.jpg 300w, https:\/\/www.lagirelle.ch\/lagir\/wp-content\/uploads\/2018\/06\/PHOTO-2018-06-18-09-55-29-768x576.jpg 768w\" sizes=\"(max-width: 1024px) 100vw, 1024px\" \/><img decoding=\"async\" loading=\"lazy\" class=\"alignnone size-large wp-image-107\" src=\"https:\/\/www.lagirelle.ch\/lagir\/wp-content\/uploads\/2018\/06\/PHOTO-2018-06-18-09-54-51-768x1024.jpg\" alt=\"\" width=\"768\" height=\"1024\" srcset=\"https:\/\/www.lagirelle.ch\/lagir\/wp-content\/uploads\/2018\/06\/PHOTO-2018-06-18-09-54-51.jpg 768w, https:\/\/www.lagirelle.ch\/lagir\/wp-content\/uploads\/2018\/06\/PHOTO-2018-06-18-09-54-51-225x300.jpg 225w\" sizes=\"(max-width: 768px) 100vw, 768px\" \/><img decoding=\"async\" loading=\"lazy\" class=\"alignnone size-large wp-image-110\" src=\"https:\/\/www.lagirelle.ch\/lagir\/wp-content\/uploads\/2018\/06\/PHOTO-2018-06-18-09-56-48-768x1024.jpg\" alt=\"\" width=\"768\" height=\"1024\" srcset=\"https:\/\/www.lagirelle.ch\/lagir\/wp-content\/uploads\/2018\/06\/PHOTO-2018-06-18-09-56-48.jpg 768w, https:\/\/www.lagirelle.ch\/lagir\/wp-content\/uploads\/2018\/06\/PHOTO-2018-06-18-09-56-48-225x300.jpg 225w\" sizes=\"(max-width: 768px) 100vw, 768px\" \/> <img decoding=\"async\" loading=\"lazy\" class=\"alignnone size-large wp-image-106\" src=\"https:\/\/www.lagirelle.ch\/lagir\/wp-content\/uploads\/2018\/06\/PHOTO-2018-06-18-09-54-30-768x1024.jpg\" alt=\"\" width=\"768\" height=\"1024\" srcset=\"https:\/\/www.lagirelle.ch\/lagir\/wp-content\/uploads\/2018\/06\/PHOTO-2018-06-18-09-54-30.jpg 768w, https:\/\/www.lagirelle.ch\/lagir\/wp-content\/uploads\/2018\/06\/PHOTO-2018-06-18-09-54-30-225x300.jpg 225w\" sizes=\"(max-width: 768px) 100vw, 768px\" \/> <img decoding=\"async\" loading=\"lazy\" class=\"alignnone size-large wp-image-105\" src=\"https:\/\/www.lagirelle.ch\/lagir\/wp-content\/uploads\/2018\/06\/PHOTO-2018-06-18-09-54-08-768x1024.jpg\" alt=\"\" width=\"768\" height=\"1024\" srcset=\"https:\/\/www.lagirelle.ch\/lagir\/wp-content\/uploads\/2018\/06\/PHOTO-2018-06-18-09-54-08.jpg 768w, https:\/\/www.lagirelle.ch\/lagir\/wp-content\/uploads\/2018\/06\/PHOTO-2018-06-18-09-54-08-225x300.jpg 225w\" sizes=\"(max-width: 768px) 100vw, 768px\" \/><\/p>\n","protected":false},"excerpt":{"rendered":"<p>Un cours de tournage a lieu une fois par ann\u00e9e \u00e0 La Girelle, en g\u00e9n\u00e9ral de janvier \u00e0 mars, soit 12 cours de 2h30 les mardis \u00e0 19h. Cinq participant-e-s apprennent les techniques pour cr\u00e9er des pi\u00e8ces au tour du d\u00e9but \u00e0 la fin. Cet&nbsp;<a class=\"read-more\" href=\"https:\/\/www.lagirelle.ch\/lagir\/activites\/tournage\/\">&hellip;<\/a><\/p>\n","protected":false},"author":1,"featured_media":0,"parent":7,"menu_order":0,"comment_status":"closed","ping_status":"closed","template":"template-full.php","meta":{"footnotes":""},"_links":{"self":[{"href":"https:\/\/www.lagirelle.ch\/lagir\/wp-json\/wp\/v2\/pages\/5"}],"collection":[{"href":"https:\/\/www.lagirelle.ch\/lagir\/wp-json\/wp\/v2\/pages"}],"about":[{"href":"https:\/\/www.lagirelle.ch\/lagir\/wp-json\/wp\/v2\/types\/page"}],"author":[{"embeddable":true,"href":"https:\/\/www.lagirelle.ch\/lagir\/wp-json\/wp\/v2\/users\/1"}],"replies":[{"embeddable":true,"href":"https:\/\/www.lagirelle.ch\/lagir\/wp-json\/wp\/v2\/comments?post=5"}],"version-history":[{"count":7,"href":"https:\/\/www.lagirelle.ch\/lagir\/wp-json\/wp\/v2\/pages\/5\/revisions"}],"predecessor-version":[{"id":113,"href":"https:\/\/www.lagirelle.ch\/lagir\/wp-json\/wp\/v2\/pages\/5\/revisions\/113"}],"up":[{"embeddable":true,"href":"https:\/\/www.lagirelle.ch\/lagir\/wp-json\/wp\/v2\/pages\/7"}],"wp:attachment":[{"href":"https:\/\/www.lagirelle.ch\/lagir\/wp-json\/wp\/v2\/media?parent=5"}],"curies":[{"name":"wp","href":"https:\/\/api.w.org\/{rel}","templated":true}]}}

<p>Un cours de tournage a lieu une fois par année à La Girelle, en général de janvier à mars, soit 12 cours de 2h30 les mardis à 19h.<br />
Cinq participant-e-s apprennent les techniques pour créer des pièces au tour du début à la fin.</p>
<p>Cet enseignement comprend:<br />
– apprendre à battre la terre<br />
– tourner des cylindres<br />
– la technique de collage pour les anses (tasses, théières, etc…)<br />
– fixer un rondeau sur le tour pour tourner une assiette, par exemple<br />
– le tournassage<br />
– l’émaillage par trempage et au pistolet</p>
<p>Voici des exemples des pièces réalisées par les élèves des cours 2018:</p>
<p><img decoding="async" loading="lazy" class="alignnone size-large wp-image-109" src="https://www.lagirelle.ch/lagir/wp-content/uploads/2018/06/PHOTO-2018-06-18-09-55-56-1024x768.jpg" alt="" width="1024" height="768" srcset="https://www.lagirelle.ch/lagir/wp-content/uploads/2018/06/PHOTO-2018-06-18-09-55-56.jpg 1024w, https://www.lagirelle.ch/lagir/wp-content/uploads/2018/06/PHOTO-2018-06-18-09-55-56-300x225.jpg 300w, https://www.lagirelle.ch/lagir/wp-content/uploads/2018/06/PHOTO-2018-06-18-09-55-56-768x576.jpg 768w" sizes="(max-width: 1024px) 100vw, 1024px" /><img decoding="async" loading="lazy" class="alignnone size-large wp-image-108" src="https://www.lagirelle.ch/lagir/wp-content/uploads/2018/06/PHOTO-2018-06-18-09-55-29-1024x768.jpg" alt="" width="1024" height="768" srcset="https://www.lagirelle.ch/lagir/wp-content/uploads/2018/06/PHOTO-2018-06-18-09-55-29.jpg 1024w, https://www.lagirelle.ch/lagir/wp-content/uploads/2018/06/PHOTO-2018-06-18-09-55-29-300x225.jpg 300w, https://www.lagirelle.ch/lagir/wp-content/uploads/2018/06/PHOTO-2018-06-18-09-55-29-768x576.jpg 768w" sizes="(max-width: 1024px) 100vw, 1024px" /><img decoding="async" loading="lazy" class="alignnone size-large wp-image-107" src="https://www.lagirelle.ch/lagir/wp-content/uploads/2018/06/PHOTO-2018-06-18-09-54-51-768x1024.jpg" alt="" width="768" height="1024" srcset="https://www.lagirelle.ch/lagir/wp-content/uploads/2018/06/PHOTO-2018-06-18-09-54-51.jpg 768w, https://www.lagirelle.ch/lagir/wp-content/uploads/2018/06/PHOTO-2018-06-18-09-54-51-225x300.jpg 225w" sizes="(max-width: 768px) 100vw, 768px" /><img decoding="async" loading="lazy" class="alignnone size-large wp-image-110" src="https://www.lagirelle.ch/lagir/wp-content/uploads/2018/06/PHOTO-2018-06-18-09-56-48-768x1024.jpg" alt="" width="768" height="1024" srcset="https://www.lagirelle.ch/lagir/wp-content/uploads/2018/06/PHOTO-2018-06-18-09-56-48.jpg 768w, https://www.lagirelle.ch/lagir/wp-content/uploads/2018/06/PHOTO-2018-06-18-09-56-48-225x300.jpg 225w" sizes="(max-width: 768px) 100vw, 768px" /> <img decoding="async" loading="lazy" class="alignnone size-large wp-image-106" src="https://www.lagirelle.ch/lagir/wp-content/uploads/2018/06/PHOTO-2018-06-18-09-54-30-768x1024.jpg" alt="" width="768" height="1024" srcset="https://www.lagirelle.ch/lagir/wp-content/uploads/2018/06/PHOTO-2018-06-18-09-54-30.jpg 768w, https://www.lagirelle.ch/lagir/wp-content/uploads/2018/06/PHOTO-2018-06-18-09-54-30-225x300.jpg 225w" sizes="(max-width: 768px) 100vw, 768px" /> <img decoding="async" loading="lazy" class="alignnone size-large wp-image-105" src="https://www.lagirelle.ch/lagir/wp-content/uploads/2018/06/PHOTO-2018-06-18-09-54-08-768x1024.jpg" alt="" width="768" height="1024" srcset="https://www.lagirelle.ch/lagir/wp-content/uploads/2018/06/PHOTO-2018-06-18-09-54-08.jpg 768w, https://www.lagirelle.ch/lagir/wp-content/uploads/2018/06/PHOTO-2018-06-18-09-54-08-225x300.jpg 225w" sizes="(max-width: 768px) 100vw, 768px" /></p>

<p>Un cours de tournage a lieu une fois par année à La Girelle, en général de janvier à mars, soit 12 cours de 2h30 les mardis à 19h. Cinq participant-e-s apprennent les techniques pour créer des pièces au tour du début à la fin. Cet&nbsp;<a class="read-more" href="https://www.lagirelle.ch/lagir/activites/tournage/">&hellip;</a></p>
